ate the remainder when 19363 is divided by 538.
533
Calculate the remainder when 8286 is divided by 183.
51
What is the remainder when 132987 is divided by 465?
462
Calculate the remainder when 33684 is divided by 11223.
15
Calculate the remainder when 4707 is divided by 2316.
75
Calculate the remainder when 71248 is divided by 71219.
29
Calculate the remainder when 2243 is divided by 45.
38
What is the remainder when 177421 is divided by 88701?
19
Calculate the remainder when 106214 is divided by 3422.
132
What is the remainder when 3877843 is divided by 104?
99
Calculate the remainder when 5975 is divided by 73.
62
What is the remainder when 1201 is divided by 312?
265
Calculate the remainder when 1326 is divided by 1201.
125
What is the remainder when 422 is divided by 266?
156
Calculate the remainder when 1915 is divided by 168.
67
Calculate the remainder when 35309 is divided by 589.
558
Calculate the remainder when 51918 is divided by 55.
53
What is the remainder when 1390 is divided by 684?
22
Calculate the remainder when 524 is divided by 298.
226
Calculate the remainder when 147901 is divided by 237.
13
Calculate the remainder when 5739199 is divided by 13.
11
Calculate the remainder when 7229135 is divided by 2409710.
5
What is the remainder when 37230 is divided by 2324?
46
Calculate the remainder when 1761 is divided by 34.
27
Calculate the remainder when 26036 is divided by 86.
64
Calculate the remainder when 20521 is divided by 18.
1
Calculate the remainder when 260919 is divided by 19.
11
Calculate the remainder when 1110 is divided by 244.
134
What is the remainder when 2021 is divided by 118?
15
Calculate the remainder when 32665 is divided by 121.
116
What is the remainder when 125559 is divided by 215?
214
What is the remainder when 12742 is divided by 2541?
37
Calculate the remainder when 373159 is divided by 186558.
43
What is the remainder when 1272316 is divided by 137?
134
Calculate the remainder when 137386 is divided by 294.
88
What is the remainder when 1951 is divided by 893?
165
Calculate the remainder when 31608 is divided by 22.
16
What is the remainder when 8855 is divided by 2862?
269
Calculate the remainder when 19574 is divided by 241.
53
Calculate the remainder when 5826 is divided by 1934.
24
Calculate the remainder when 1394 is divided by 481.
432
Calculate the remainder when 636 is divided by 32.
28
What is the remainder when 32873 is divided by 548?
541
Calculate the remainder when 37820 is divided by 296.
228
Calculate the remainder when 111237 is divided by 9.
6
Calculate the remainder when 20774 is divided by 40.
14
Calculate the remainder when 2504 is divided by 23.
20
Calculate the remainder when 152063 is divided by 30.
23
Calculate the remainder when 3004 is divided by 134.
56
Calculate the remainder when 3544 is divided by 13.
8
Calculate the remainder when 18917 is divided by 440.
437
What is the remainder when 3542 is divided by 780?
422
What is the remainder when 1930 is divided by 643?
1
What is the remainder when 32241 is divided by 256?
241
Calculate the remainder when 15751 is divided by 89.
87
What is the remainder when 327996 is divided by 17?
15
Calculate the remainder when 192408 is divided by 1166.
18
Calculate the remainder when 1691 is divided by 618.
455
What is the remainder when 1398 is divided by 48?
6
Calculate the remainder when 83327 is divided by 27609.
500
What is the remainder when 21979 is divided by 35?
34
Calculate the remainder when 12095 is divided by 390.
5
What is the remainder when 19513 is divided by 969?
133
What is the remainder when 249 is divided by 110?
29
Calculate the remainder when 275924 is divided by 7261.
6
What is the remainder when 6303 is divided by 124?
103
What is the remainder when 33870 is divided by 99?
12
What is the remainder when 48108 is divided by 15886?
450
What is the remainder when 2560 is divided by 2517?
43
Calculate the remainder when 208360 is divided by 10965.
25
Calculate the remainder when 32369 is divided by 85.
69
What is the remainder when 30526 is divided by 10172?
10
Calculate the remainder when 144041 is divided by 22.
7
Calculate the remainder when 29735 is divided by 969.
665
What is the remainder when 232199 is divided by 681?
659
What is the remainder when 1117 is divided by 313?
178
What is the remainder when 126615 is divided by 126588?
27
Calculate the remainder when 519 is divided by 106.
95
What is the remainder when 2708 is divided by 2682?
26
Calculate the remainder when 48093 is divided by 18.
15
Calculate the remainder when 15177 is divided by 425.
302
Calculate the remainder when 2604 is divided by 1023.
558
What is the remainder when 77 is divided by 58?
19
Calculate the remainder when 83628 is divided by 203.
195
Calculate the remainder when 659 is divided by 432.
227
What is the remainder when 2761 is divided by 24?
1
What is the remainder when 894082 is divided by 428?
418
Calculate the remainder when 165204 is divided by 226.
224
What is the remainder when 53463 is divided by 3?
0
What is the remainder when 179208 is divided by 89536?
136
Calculate the remainder when 76551 is divided by 142.
13
Calculate the remainder when 1268817 is divided by 9.
6
What is the remainder when 5305 is divided by 662?
9
Calculate the remainder when 20031 is divided by 6.
3
Calculate the remainder when 39219 is divided by 73.
18
What is the remainder when 68010 is divided by 85?
10
What is the remainder when 1581 is divided by 405?
366
What is the remainder when 43813 is divided by 402?
397
Calculate the remainder when 88556 is divided by 714.
20
Calculate the remainder when 3319 is divided by 1656.
7
Calculate the remainder when 1076 is divided by 160.
116
What is the remainder when 27702 is divided by 13847?
8
Calculate the remainder when 150714 is divided by 197.
9
Calculate the remainder when 3663 is divided by 1822.
19
Calculate the remainder when 153358 is divided by 12.
10
What is the remainder when 2779 is divided by 924?
7
What is the remainder when 6838 is divided by 2008?
814
What is the remainder when 118296 is divided by 59146?
4
Calculate the remainder when 10133 is divided by 1004.
93
Calculate the remainder when 2747 is divided by 30.
17
Calculate the remainder when 523 is divided by 21.
19
Calculate the remainder when 24180 is divided by 9.
6
What is the remainder when 193661 is divided by 112?
13
What is the remainder when 262318 is divided by 131136?
46
What is the remainder when 2267 is divided by 1053?
161
Calculate the remainder when 504221 is divided by 58.
27
What is the remainder when 246945 is divided by 317?
2
What is the remainder when 17717 is divided by 277?
266
What is the remainder when 151924 is divided by 42?
10
Calculate the remainder when 126966 is divided by 42321.
3
What is the remainder when 13325 is divided by 247?
234
What is the remainder when 14979 is divided by 4855?
414
What is the remainder when 12212 is divided by 59?
58
What is the remainder when 63218 is divided by 1171?
1155
Calculate the remainder when 4660 is divided by 42.
40
What is the remainder when 9927 is divided by 3308?
3
What is the remainder when 8219 is divided by 247?
68
Calculate the remainder when 32757 is divided by 437.
419
Calculate the remainder when 612858 is divided by 37.
27
Calculate the remainder when 56664 is divided by 420.
384
Calculate the remainder when 124903 is divided by 347.
330
Calculate the remainder when 302361 is divided by 333.
330
Calculate the remainder when 164203 is divided by 99.
61
Calculate the remainder when 276452 is divided by 27.
26
Calculate the remainder when 16034 is divided by 115.
49
Calculate the remainder when 40708 is divided by 1269.
100
What is the remainder when 3031 is divided by 2890?
141
What is the remainder when 640 is divided by 339?
301
Calculate the remainder when 2490 is divided by 1029.
432
What is the remainder when 7950 is divided by 150?
0
Calculate the remainder when 82648 is divided by 114.
112
Calculate the remainder when 14974 is divided by 1356.
58
What is the remainder when 21160 is divided by 1007?
13
What is the remainder when 1042061 is divided by 43?
42
Calculate the remainder when 2708 is divided by 379.
55
What is the remainder when 3337